{"id":2392,"date":"2025-03-06T22:39:28","date_gmt":"2025-03-07T03:39:28","guid":{"rendered":"https:\/\/dcrabogados.com\/?page_id=2392"},"modified":"2025-03-18T14:13:50","modified_gmt":"2025-03-18T19:13:50","slug":"proteccion-legal-familiar-efectiva-en-colombia","status":"publish","type":"page","link":"https:\/\/dcrabogados.com\/index.php\/proteccion-legal-familiar-efectiva-en-colombia\/","title":{"rendered":"Derecho De Familia"},"content":{"rendered":"\t\t<div data-elementor-type=\"wp-page\" data-elementor-id=\"2392\" class=\"elementor elementor-2392\">\n\t\t\t\t<div class=\"elementor-element elementor-element-e256351 e-flex e-con-boxed e-con e-parent\" data-id=\"e256351\" data-element_type=\"container\" data-e-type=\"container\">\n\t\t\t\t\t<div class=\"e-con-inner\">\n\t\t<div class=\"elementor-element elementor-element-e8a92a8 e-con-full e-flex e-con e-child\" data-id=\"e8a92a8\" data-element_type=\"container\" data-e-type=\"container\">\n\t\t\t\t<div class=\"elementor-element elementor-element-3dea842 elementor-widget elementor-widget-html\" data-id=\"3dea842\" data-element_type=\"widget\" data-e-type=\"widget\" data-widget_type=\"html.default\">\n\t\t\t\t<div class=\"elementor-widget-container\">\n\t\t\t\t\t<!DOCTYPE html>\r\n<html lang=\"es\">\r\n<head>\r\n    <meta charset=\"UTF-8\">\r\n    <meta name=\"viewport\" content=\"width=device-width, initial-scale=1.0\">\r\n    <meta name=\"description\" content=\"Asesor\u00eda en Derecho de Familia: Divorcio, Alimentos, Sucesi\u00f3n y Apoyo Judicial. Protegemos tus derechos y los de tu familia.\">\r\n    <title>Derecho de Familia | Tu Firma Legal<\/title>\r\n    <style>\r\n        body {\r\n            font-family: Arial, sans-serif;\r\n            margin: 0;\r\n            padding: 0;\r\n            background-color: #f8f8f8;\r\n            color: #333;\r\n        }\r\n        .container {\r\n            max-width: 900px;\r\n            margin: auto;\r\n            padding: 20px;\r\n            background: white;\r\n            box-shadow: 0 0 10px rgba(0, 0, 0, 0.1);\r\n            border-radius: 8px;\r\n            text-align: center;\r\n        }\r\n        h1 {\r\n            color: #003366;\r\n        }\r\n        .image {\r\n            width: 100%;\r\n            height: auto;\r\n            border-radius: 8px;\r\n        }\r\n        ul {\r\n            list-style-type: \"\";\r\n            padding: 0;\r\n            text-align: left;\r\n        }\r\n        li {\r\n            margin: 10px 0;\r\n            font-size: 18px;\r\n        }\r\n    <\/style>\r\n<\/head>\r\n<body>\r\n\r\n    <div class=\"container\">\r\n        <img decoding=\"async\" src=\"https:\/\/dcrabogados.com\/wp-content\/uploads\/2025\/03\/1.png\" class=\"image\">\r\n        \r\n        <h2><strong>AREAS DE ESPECIALIZACION<\/strong><\/h2>\r\n        <ul>\r\n            <li><strong>DIVORCIO:<\/strong> Notarial y Judicial.<\/li>\r\n            <li><strong>ALIMENTOS:<\/strong> Fijaci\u00f3n(Para ni\u00f1os, ni\u00f1as y adolecentes - para adultos), Exoneracion , Regulacion, Ejecutivo.<\/li>\r\n            <li><strong>SUCESION<\/strong><\/li>\r\n            <li><strong>APOYO JUDICIAL<\/strong><\/li>\r\n        <\/ul>\r\n    <\/div>\r\n\r\n<\/body>\r\n<\/html>\t\t\t\t<\/div>\n\t\t\t\t<\/div>\n\t\t\t\t<\/div>\n\t\t<div class=\"elementor-element elementor-element-edb063c e-con-full e-flex e-con e-child\" data-id=\"edb063c\" data-element_type=\"container\" data-e-type=\"container\">\n\t\t\t\t<div class=\"elementor-element elementor-element-1765a57 elementor-widget elementor-widget-shortcode\" data-id=\"1765a57\" data-element_type=\"widget\" data-e-type=\"widget\" data-widget_type=\"shortcode.default\">\n\t\t\t\t<div class=\"elementor-widget-container\">\n\t\t\t\t\t\t\t<div class=\"elementor-shortcode\"><!-- Google Calendar Appointment Scheduling begin -->\n<iframe src=\"https:\/\/calendar.google.com\/calendar\/appointments\/schedules\/AcZssZ3GCa-OQbRXfBcge1DJlyYBzwY3Inq4Ouf10Hiu_lfw-d24uDUX7rETjdfLDDmksxUxj3qbUINo?gv=true\" style=\"border: 0\" width=\"100%\" height=\"600\" frameborder=\"0\"><\/iframe>\n<!-- end Google Calendar Appointment Scheduling --><\/div>\n\t\t\t\t\t\t<\/div>\n\t\t\t\t<\/div>\n\t\t\t\t<\/div>\n\t\t\t\t\t<\/div>\n\t\t\t\t<\/div>\n\t\t<div class=\"elementor-element elementor-element-f4e166f e-flex e-con-boxed e-con e-parent\" data-id=\"f4e166f\" data-element_type=\"container\" data-e-type=\"container\">\n\t\t\t\t\t<div class=\"e-con-inner\">\n\t\t\t\t<div class=\"elementor-element elementor-element-7fdd2ac elementor-widget elementor-widget-heading\" data-id=\"7fdd2ac\" data-element_type=\"widget\" data-e-type=\"widget\" data-widget_type=\"heading.default\">\n\t\t\t\t<div class=\"elementor-widget-container\">\n\t\t\t\t\t<h2 class=\"elementor-heading-title elementor-size-default\"><a href=\"http:\/\/wa.me\/573172689360\">En caso de no saber con exactitud qu\u00e9 proceso necesitas, contacta uno de nuestros profesionales que con gusto te asesoraran.<\/a><\/h2>\t\t\t\t<\/div>\n\t\t\t\t<\/div>\n\t\t\t\t<div class=\"elementor-element elementor-element-99a73c2 elementor-align-center elementor-widget elementor-widget-button\" data-id=\"99a73c2\" data-element_type=\"widget\" data-e-type=\"widget\" data-widget_type=\"button.default\">\n\t\t\t\t<div class=\"elementor-widget-container\">\n\t\t\t\t\t\t\t\t\t<div class=\"elementor-button-wrapper\">\n\t\t\t\t\t<a class=\"elementor-button elementor-button-link elementor-size-sm elementor-animation-pop\" href=\"https:\/\/dcrabogados.com\/index.php\/asesoria-legal-y-servicios-juridicos\/\">\n\t\t\t\t\t\t<span class=\"elementor-button-content-wrapper\">\n\t\t\t\t\t\t<span class=\"elementor-button-icon\">\n\t\t\t\t<i aria-hidden=\"true\" class=\"fas fa-scroll\"><\/i>\t\t\t<\/span>\n\t\t\t\t\t\t\t\t\t<span class=\"elementor-button-text\">Revisa nuestros areas de derecho.<\/span>\n\t\t\t\t\t<\/span>\n\t\t\t\t\t<\/a>\n\t\t\t\t<\/div>\n\t\t\t\t\t\t\t\t<\/div>\n\t\t\t\t<\/div>\n\t\t\t\t\t<\/div>\n\t\t\t\t<\/div>\n\t\t\t\t<\/div>\n\t\t","protected":false},"excerpt":{"rendered":"<p>Derecho de Familia | Tu Firma Legal AREAS DE ESPECIALIZACION DIVORCIO: Notarial y Judicial. ALIMENTOS: Fijaci\u00f3n(Para ni\u00f1os, ni\u00f1as y adolecentes [&hellip;]<\/p>\n","protected":false},"author":1,"featured_media":2463,"parent":0,"menu_order":0,"comment_status":"closed","ping_status":"closed","template":"","meta":{"site-sidebar-layout":"no-sidebar","site-content-layout":"page-builder","ast-site-content-layout":"full-width-container","site-content-style":"default","site-sidebar-style":"default","ast-global-header-display":"","ast-banner-title-visibility":"","ast-main-header-display":"","ast-hfb-above-header-display":"","ast-hfb-below-header-display":"","ast-hfb-mobile-header-display":"","site-post-title":"disabled","ast-breadcrumbs-content":"","ast-featured-img":"disabled","footer-sml-layout":"","ast-disable-related-posts":"","theme-transparent-header-meta":"","adv-header-id-meta":"","stick-header-meta":"","header-above-stick-meta":"","header-main-stick-meta":"","header-below-stick-meta":"","astra-migrate-meta-layouts":"set","ast-page-background-enabled":"default","ast-page-background-meta":{"desktop":{"background-color":"var(--ast-global-color-4)","background-image":"","background-repeat":"repeat","background-position":"center center","background-size":"auto","background-attachment":"scroll","background-type":"","background-media":"","overlay-type":"","overlay-color":"","overlay-opacity":"","overlay-gradient":""},"tablet":{"background-color":"","background-image":"","background-repeat":"repeat","background-position":"center center","background-size":"auto","background-attachment":"scroll","background-type":"","background-media":"","overlay-type":"","overlay-color":"","overlay-opacity":"","overlay-gradient":""},"mobile":{"background-color":"","background-image":"","background-repeat":"repeat","background-position":"center center","background-size":"auto","background-attachment":"scroll","background-type":"","background-media":"","overlay-type":"","overlay-color":"","overlay-opacity":"","overlay-gradient":""}},"ast-content-background-meta":{"desktop":{"background-color":"var(--ast-global-color-5)","background-image":"","background-repeat":"repeat","background-position":"center center","background-size":"auto","background-attachment":"scroll","background-type":"","background-media":"","overlay-type":"","overlay-color":"","overlay-opacity":"","overlay-gradient":""},"tablet":{"background-color":"var(--ast-global-color-5)","background-image":"","background-repeat":"repeat","background-position":"center center","background-size":"auto","background-attachment":"scroll","background-type":"","background-media":"","overlay-type":"","overlay-color":"","overlay-opacity":"","overlay-gradient":""},"mobile":{"background-color":"var(--ast-global-color-5)","background-image":"","background-repeat":"repeat","background-position":"center center","background-size":"auto","background-attachment":"scroll","background-type":"","background-media":"","overlay-type":"","overlay-color":"","overlay-opacity":"","overlay-gradient":""}},"_joinchat":[],"footnotes":""},"class_list":["post-2392","page","type-page","status-publish","has-post-thumbnail","hentry"],"yoast_head":"<!-- This site is optimized with the Yoast SEO plugin v27.4 - https:\/\/yoast.com\/product\/yoast-seo-wordpress\/ -->\n<title>Derecho De Familia<\/title>\n<meta name=\"description\" content=\"Protecci\u00f3n legal familiar efectiva en divorcios, custodia, herencias y adopciones. Asesor\u00eda experta para garantizar tus derechos y bienestar.\" \/>\n<meta name=\"robots\" content=\"index, follow, max-snippet:-1, max-image-preview:large, max-video-preview:-1\" \/>\n<link rel=\"canonical\" href=\"https:\/\/dcrabogados.com\/index.php\/proteccion-legal-familiar-efectiva-en-colombia\/\" \/>\n<meta property=\"og:locale\" content=\"es_ES\" \/>\n<meta property=\"og:type\" content=\"article\" \/>\n<meta property=\"og:title\" content=\"Protecci\u00f3n legal familiar efectiva\" \/>\n<meta property=\"og:description\" content=\"Protecci\u00f3n legal familiar efectiva en divorcios, custodia, herencias y adopciones. Asesor\u00eda experta para garantizar tus derechos y bienestar.\" \/>\n<meta property=\"og:url\" content=\"https:\/\/dcrabogados.com\/index.php\/proteccion-legal-familiar-efectiva-en-colombia\/\" \/>\n<meta property=\"og:site_name\" content=\"DCR ABOGADOS SAS\" \/>\n<meta property=\"article:publisher\" content=\"https:\/\/www.facebook.com\/DCRABOGADOSSAS\" \/>\n<meta property=\"article:modified_time\" content=\"2025-03-18T19:13:50+00:00\" \/>\n<meta property=\"og:image\" content=\"https:\/\/dcrabogados.com\/wp-content\/uploads\/2025\/03\/1.webp\" \/>\n\t<meta property=\"og:image:width\" content=\"750\" \/>\n\t<meta property=\"og:image:height\" content=\"400\" \/>\n\t<meta property=\"og:image:type\" content=\"image\/png\" \/>\n<meta name=\"twitter:card\" content=\"summary_large_image\" \/>\n<meta name=\"twitter:title\" content=\"Protecci\u00f3n legal familiar efectiva\" \/>\n<meta name=\"twitter:description\" content=\"Protecci\u00f3n legal familiar efectiva en divorcios, custodia, herencias y adopciones. Asesor\u00eda experta para garantizar tus derechos y bienestar.\" \/>\n<meta name=\"twitter:image\" content=\"https:\/\/dcrabogados.com\/wp-content\/uploads\/2025\/03\/1.webp\" \/>\n<meta name=\"twitter:site\" content=\"@DCRABOGADOSSAS\" \/>\n<meta name=\"twitter:label1\" content=\"Tiempo de lectura\" \/>\n\t<meta name=\"twitter:data1\" content=\"1 minuto\" \/>\n<script type=\"application\/ld+json\" class=\"yoast-schema-graph\">{\"@context\":\"https:\\\/\\\/schema.org\",\"@graph\":[{\"@type\":\"WebPage\",\"@id\":\"https:\\\/\\\/dcrabogados.com\\\/index.php\\\/proteccion-legal-familiar-efectiva-en-colombia\\\/\",\"url\":\"https:\\\/\\\/dcrabogados.com\\\/index.php\\\/proteccion-legal-familiar-efectiva-en-colombia\\\/\",\"name\":\"Derecho De Familia\",\"isPartOf\":{\"@id\":\"https:\\\/\\\/dcrabogados.com\\\/#website\"},\"primaryImageOfPage\":{\"@id\":\"https:\\\/\\\/dcrabogados.com\\\/index.php\\\/proteccion-legal-familiar-efectiva-en-colombia\\\/#primaryimage\"},\"image\":{\"@id\":\"https:\\\/\\\/dcrabogados.com\\\/index.php\\\/proteccion-legal-familiar-efectiva-en-colombia\\\/#primaryimage\"},\"thumbnailUrl\":\"https:\\\/\\\/dcrabogados.com\\\/wp-content\\\/uploads\\\/2025\\\/03\\\/1.webp\",\"datePublished\":\"2025-03-07T03:39:28+00:00\",\"dateModified\":\"2025-03-18T19:13:50+00:00\",\"description\":\"Protecci\u00f3n legal familiar efectiva en divorcios, custodia, herencias y adopciones. Asesor\u00eda experta para garantizar tus derechos y bienestar.\",\"breadcrumb\":{\"@id\":\"https:\\\/\\\/dcrabogados.com\\\/index.php\\\/proteccion-legal-familiar-efectiva-en-colombia\\\/#breadcrumb\"},\"inLanguage\":\"es\",\"potentialAction\":[{\"@type\":\"ReadAction\",\"target\":[\"https:\\\/\\\/dcrabogados.com\\\/index.php\\\/proteccion-legal-familiar-efectiva-en-colombia\\\/\"]}]},{\"@type\":\"ImageObject\",\"inLanguage\":\"es\",\"@id\":\"https:\\\/\\\/dcrabogados.com\\\/index.php\\\/proteccion-legal-familiar-efectiva-en-colombia\\\/#primaryimage\",\"url\":\"https:\\\/\\\/dcrabogados.com\\\/wp-content\\\/uploads\\\/2025\\\/03\\\/1.webp\",\"contentUrl\":\"https:\\\/\\\/dcrabogados.com\\\/wp-content\\\/uploads\\\/2025\\\/03\\\/1.webp\",\"width\":750,\"height\":400,\"caption\":\"Protecci\u00f3n legal familiar efectiva en divorcios, custodia, herencias y adopciones. Asesor\u00eda experta para garantizar tus derechos y bienestar.\"},{\"@type\":\"BreadcrumbList\",\"@id\":\"https:\\\/\\\/dcrabogados.com\\\/index.php\\\/proteccion-legal-familiar-efectiva-en-colombia\\\/#breadcrumb\",\"itemListElement\":[{\"@type\":\"ListItem\",\"position\":1,\"name\":\"Portada\",\"item\":\"https:\\\/\\\/dcrabogados.com\\\/\"},{\"@type\":\"ListItem\",\"position\":2,\"name\":\"Derecho De Familia\"}]},{\"@type\":\"WebSite\",\"@id\":\"https:\\\/\\\/dcrabogados.com\\\/#website\",\"url\":\"https:\\\/\\\/dcrabogados.com\\\/\",\"name\":\"dcrabogados.com\",\"description\":\"Asesor\u00eda Jur\u00eddica e Inmobiliaria\",\"publisher\":{\"@id\":\"https:\\\/\\\/dcrabogados.com\\\/#organization\"},\"potentialAction\":[{\"@type\":\"SearchAction\",\"target\":{\"@type\":\"EntryPoint\",\"urlTemplate\":\"https:\\\/\\\/dcrabogados.com\\\/?s={search_term_string}\"},\"query-input\":{\"@type\":\"PropertyValueSpecification\",\"valueRequired\":true,\"valueName\":\"search_term_string\"}}],\"inLanguage\":\"es\"},{\"@type\":\"Organization\",\"@id\":\"https:\\\/\\\/dcrabogados.com\\\/#organization\",\"name\":\"DCR ABOGADOS SAS\",\"url\":\"https:\\\/\\\/dcrabogados.com\\\/\",\"logo\":{\"@type\":\"ImageObject\",\"inLanguage\":\"es\",\"@id\":\"https:\\\/\\\/dcrabogados.com\\\/#\\\/schema\\\/logo\\\/image\\\/\",\"url\":\"https:\\\/\\\/dcrabogados.com\\\/wp-content\\\/uploads\\\/2025\\\/03\\\/cropped-3-1.png\",\"contentUrl\":\"https:\\\/\\\/dcrabogados.com\\\/wp-content\\\/uploads\\\/2025\\\/03\\\/cropped-3-1.png\",\"width\":333,\"height\":262,\"caption\":\"DCR ABOGADOS SAS\"},\"image\":{\"@id\":\"https:\\\/\\\/dcrabogados.com\\\/#\\\/schema\\\/logo\\\/image\\\/\"},\"sameAs\":[\"https:\\\/\\\/www.facebook.com\\\/DCRABOGADOSSAS\",\"https:\\\/\\\/x.com\\\/DCRABOGADOSSAS\"]}]}<\/script>\n<!-- \/ Yoast SEO plugin. -->","yoast_head_json":{"title":"Derecho De Familia","description":"Protecci\u00f3n legal familiar efectiva en divorcios, custodia, herencias y adopciones. Asesor\u00eda experta para garantizar tus derechos y bienestar.","robots":{"index":"index","follow":"follow","max-snippet":"max-snippet:-1","max-image-preview":"max-image-preview:large","max-video-preview":"max-video-preview:-1"},"canonical":"https:\/\/dcrabogados.com\/index.php\/proteccion-legal-familiar-efectiva-en-colombia\/","og_locale":"es_ES","og_type":"article","og_title":"Protecci\u00f3n legal familiar efectiva","og_description":"Protecci\u00f3n legal familiar efectiva en divorcios, custodia, herencias y adopciones. Asesor\u00eda experta para garantizar tus derechos y bienestar.","og_url":"https:\/\/dcrabogados.com\/index.php\/proteccion-legal-familiar-efectiva-en-colombia\/","og_site_name":"DCR ABOGADOS SAS","article_publisher":"https:\/\/www.facebook.com\/DCRABOGADOSSAS","article_modified_time":"2025-03-18T19:13:50+00:00","og_image":[{"width":750,"height":400,"url":"https:\/\/dcrabogados.com\/wp-content\/uploads\/2025\/03\/1.webp","type":"image\/png"}],"twitter_card":"summary_large_image","twitter_title":"Protecci\u00f3n legal familiar efectiva","twitter_description":"Protecci\u00f3n legal familiar efectiva en divorcios, custodia, herencias y adopciones. Asesor\u00eda experta para garantizar tus derechos y bienestar.","twitter_image":"https:\/\/dcrabogados.com\/wp-content\/uploads\/2025\/03\/1.webp","twitter_site":"@DCRABOGADOSSAS","twitter_misc":{"Tiempo de lectura":"1 minuto"},"schema":{"@context":"https:\/\/schema.org","@graph":[{"@type":"WebPage","@id":"https:\/\/dcrabogados.com\/index.php\/proteccion-legal-familiar-efectiva-en-colombia\/","url":"https:\/\/dcrabogados.com\/index.php\/proteccion-legal-familiar-efectiva-en-colombia\/","name":"Derecho De Familia","isPartOf":{"@id":"https:\/\/dcrabogados.com\/#website"},"primaryImageOfPage":{"@id":"https:\/\/dcrabogados.com\/index.php\/proteccion-legal-familiar-efectiva-en-colombia\/#primaryimage"},"image":{"@id":"https:\/\/dcrabogados.com\/index.php\/proteccion-legal-familiar-efectiva-en-colombia\/#primaryimage"},"thumbnailUrl":"https:\/\/dcrabogados.com\/wp-content\/uploads\/2025\/03\/1.webp","datePublished":"2025-03-07T03:39:28+00:00","dateModified":"2025-03-18T19:13:50+00:00","description":"Protecci\u00f3n legal familiar efectiva en divorcios, custodia, herencias y adopciones. Asesor\u00eda experta para garantizar tus derechos y bienestar.","breadcrumb":{"@id":"https:\/\/dcrabogados.com\/index.php\/proteccion-legal-familiar-efectiva-en-colombia\/#breadcrumb"},"inLanguage":"es","potentialAction":[{"@type":"ReadAction","target":["https:\/\/dcrabogados.com\/index.php\/proteccion-legal-familiar-efectiva-en-colombia\/"]}]},{"@type":"ImageObject","inLanguage":"es","@id":"https:\/\/dcrabogados.com\/index.php\/proteccion-legal-familiar-efectiva-en-colombia\/#primaryimage","url":"https:\/\/dcrabogados.com\/wp-content\/uploads\/2025\/03\/1.webp","contentUrl":"https:\/\/dcrabogados.com\/wp-content\/uploads\/2025\/03\/1.webp","width":750,"height":400,"caption":"Protecci\u00f3n legal familiar efectiva en divorcios, custodia, herencias y adopciones. Asesor\u00eda experta para garantizar tus derechos y bienestar."},{"@type":"BreadcrumbList","@id":"https:\/\/dcrabogados.com\/index.php\/proteccion-legal-familiar-efectiva-en-colombia\/#breadcrumb","itemListElement":[{"@type":"ListItem","position":1,"name":"Portada","item":"https:\/\/dcrabogados.com\/"},{"@type":"ListItem","position":2,"name":"Derecho De Familia"}]},{"@type":"WebSite","@id":"https:\/\/dcrabogados.com\/#website","url":"https:\/\/dcrabogados.com\/","name":"dcrabogados.com","description":"Asesor\u00eda Jur\u00eddica e Inmobiliaria","publisher":{"@id":"https:\/\/dcrabogados.com\/#organization"},"potentialAction":[{"@type":"SearchAction","target":{"@type":"EntryPoint","urlTemplate":"https:\/\/dcrabogados.com\/?s={search_term_string}"},"query-input":{"@type":"PropertyValueSpecification","valueRequired":true,"valueName":"search_term_string"}}],"inLanguage":"es"},{"@type":"Organization","@id":"https:\/\/dcrabogados.com\/#organization","name":"DCR ABOGADOS SAS","url":"https:\/\/dcrabogados.com\/","logo":{"@type":"ImageObject","inLanguage":"es","@id":"https:\/\/dcrabogados.com\/#\/schema\/logo\/image\/","url":"https:\/\/dcrabogados.com\/wp-content\/uploads\/2025\/03\/cropped-3-1.png","contentUrl":"https:\/\/dcrabogados.com\/wp-content\/uploads\/2025\/03\/cropped-3-1.png","width":333,"height":262,"caption":"DCR ABOGADOS SAS"},"image":{"@id":"https:\/\/dcrabogados.com\/#\/schema\/logo\/image\/"},"sameAs":["https:\/\/www.facebook.com\/DCRABOGADOSSAS","https:\/\/x.com\/DCRABOGADOSSAS"]}]}},"_hostinger_reach_plugin_has_subscription_block":false,"_hostinger_reach_plugin_is_elementor":false,"rttpg_featured_image_url":{"full":["https:\/\/dcrabogados.com\/wp-content\/uploads\/2025\/03\/1.webp",750,400,false],"landscape":["https:\/\/dcrabogados.com\/wp-content\/uploads\/2025\/03\/1.webp",750,400,false],"portraits":["https:\/\/dcrabogados.com\/wp-content\/uploads\/2025\/03\/1.webp",750,400,false],"thumbnail":["https:\/\/dcrabogados.com\/wp-content\/uploads\/2025\/03\/1-150x150.webp",150,150,true],"medium":["https:\/\/dcrabogados.com\/wp-content\/uploads\/2025\/03\/1-300x160.webp",300,160,true],"large":["https:\/\/dcrabogados.com\/wp-content\/uploads\/2025\/03\/1.webp",750,400,false],"1536x1536":["https:\/\/dcrabogados.com\/wp-content\/uploads\/2025\/03\/1.webp",750,400,false],"2048x2048":["https:\/\/dcrabogados.com\/wp-content\/uploads\/2025\/03\/1.webp",750,400,false]},"rttpg_author":{"display_name":"dcrlreg","author_link":"https:\/\/dcrabogados.com\/index.php\/author\/dcrlreg\/"},"rttpg_comment":0,"rttpg_category":null,"rttpg_excerpt":"Derecho de Familia | Tu Firma Legal AREAS DE ESPECIALIZACION DIVORCIO: Notarial y Judicial. ALIMENTOS: Fijaci\u00f3n(Para ni\u00f1os, ni\u00f1as y adolecentes [&hellip;]","_links":{"self":[{"href":"https:\/\/dcrabogados.com\/index.php\/wp-json\/wp\/v2\/pages\/2392","targetHints":{"allow":["GET"]}}],"collection":[{"href":"https:\/\/dcrabogados.com\/index.php\/wp-json\/wp\/v2\/pages"}],"about":[{"href":"https:\/\/dcrabogados.com\/index.php\/wp-json\/wp\/v2\/types\/page"}],"author":[{"embeddable":true,"href":"https:\/\/dcrabogados.com\/index.php\/wp-json\/wp\/v2\/users\/1"}],"replies":[{"embeddable":true,"href":"https:\/\/dcrabogados.com\/index.php\/wp-json\/wp\/v2\/comments?post=2392"}],"version-history":[{"count":31,"href":"https:\/\/dcrabogados.com\/index.php\/wp-json\/wp\/v2\/pages\/2392\/revisions"}],"predecessor-version":[{"id":2772,"href":"https:\/\/dcrabogados.com\/index.php\/wp-json\/wp\/v2\/pages\/2392\/revisions\/2772"}],"wp:featuredmedia":[{"embeddable":true,"href":"https:\/\/dcrabogados.com\/index.php\/wp-json\/wp\/v2\/media\/2463"}],"wp:attachment":[{"href":"https:\/\/dcrabogados.com\/index.php\/wp-json\/wp\/v2\/media?parent=2392"}],"curies":[{"name":"wp","href":"https:\/\/api.w.org\/{rel}","templated":true}]}}